culate the greatest common factor of 1110 and 777.
111
What is the greatest common divisor of 21 and 161?
7
Calculate the greatest common factor of 540 and 12.
12
What is the greatest common factor of 12 and 348?
12
Calculate the greatest common factor of 55 and 65.
5
Calculate the greatest common factor of 579 and 3.
3
Calculate the greatest common factor of 3941 and 7.
7
Calculate the greatest common divisor of 12 and 16.
4
Calculate the greatest common divisor of 341 and 31.
31
What is the highest common divisor of 8688 and 48?
48
What is the highest common divisor of 1362 and 6?
6
What is the greatest common factor of 18 and 1458?
18
What is the highest common divisor of 92 and 230?
46
Calculate the highest common factor of 33 and 462.
33
What is the highest common factor of 36 and 228?
12
Calculate the highest common divisor of 1885 and 65.
65
Calculate the greatest common divisor of 340 and 374.
34
Calculate the highest common divisor of 6276 and 12.
12
Calculate the highest common divisor of 684 and 36.
36
What is the highest common divisor of 338 and 26?
26
Calculate the greatest common factor of 595 and 280.
35
What is the highest common factor of 64 and 80?
16
Calculate the highest common factor of 136 and 544.
136
What is the greatest common divisor of 12716 and 187?
187
Calculate the highest common divisor of 740 and 40.
20
What is the highest common factor of 1 and 1447?
1
Calculate the highest common divisor of 351 and 143.
13
What is the greatest common divisor of 96 and 7992?
24
Calculate the highest common factor of 21 and 28.
7
What is the highest common factor of 32 and 272?
16
What is the greatest common divisor of 548 and 36?
4
What is the greatest common divisor of 36 and 396?
36
What is the greatest common factor of 1469 and 13?
13
Calculate the highest common divisor of 32 and 1488.
16
What is the highest common factor of 1056 and 99?
33
Calculate the greatest common divisor of 14835 and 258.
129
What is the highest common divisor of 26 and 702?
26
What is the highest common factor of 43 and 21113?
43
Calculate the greatest common divisor of 256 and 192.
64
What is the greatest common divisor of 14 and 756?
14
What is the greatest common factor of 34 and 45254?
34
What is the highest common factor of 252 and 162?
18
Calculate the greatest common divisor of 10 and 970.
10
Calculate the highest common divisor of 68731 and 221.
221
What is the highest common factor of 72 and 120?
24
Calculate the highest common divisor of 841 and 58.
29
Calculate the highest common divisor of 108120 and 51.
51
What is the highest common factor of 14 and 158?
2
What is the highest common divisor of 15 and 159?
3
Calculate the greatest common divisor of 10 and 9.
1
Calculate the highest common factor of 784 and 1813.
49
Calculate the greatest common factor of 25 and 70.
5
Calculate the highest common divisor of 1075 and 1290.
215
Calculate the greatest common factor of 36 and 52.
4
Calculate the highest common factor of 88 and 572.
44
Calculate the greatest common factor of 3979 and 23.
23
Calculate the greatest common divisor of 177 and 295.
59
What is the greatest common divisor of 416 and 4472?
104
What is the greatest common divisor of 48 and 1328?
16
Calculate the greatest common divisor of 23 and 6049.
23
What is the greatest common divisor of 1980 and 3762?
198
What is the greatest common divisor of 314 and 3611?
157
What is the greatest common factor of 8 and 3928?
8
Calculate the greatest common divisor of 1712 and 16.
16
Calculate the highest common divisor of 468 and 2178.
18
What is the greatest common divisor of 118 and 767?
59
What is the highest common factor of 100 and 50?
50
What is the greatest common divisor of 4015 and 11?
11
Calculate the highest common divisor of 108 and 84.
12
What is the greatest common divisor of 272 and 2788?
68
Calculate the greatest common factor of 12 and 268.
4
What is the highest common factor of 4706 and 65?
13
Calculate the greatest common factor of 4 and 700.
4
What is the highest common factor of 105 and 217?
7
Calculate the greatest common factor of 19 and 152.
19
What is the highest common divisor of 204 and 102?
102
What is the greatest common divisor of 4 and 8?
4
Calculate the highest common divisor of 336 and 105.
21
Calculate the greatest common factor of 425 and 25.
25
Calculate the highest common factor of 1311 and 38.
19
Calculate the greatest common factor of 655 and 5.
5
Calculate the highest common divisor of 19 and 5263.
19
What is the greatest common factor of 2884 and 112?
28
Calculate the greatest common factor of 12 and 4296.
12
What is the greatest common divisor of 48 and 312?
24
What is the highest common divisor of 812 and 28?
28
What is the highest common factor of 231 and 4686?
33
Calculate the highest common factor of 136 and 2128.
8
Calculate the greatest common factor of 420 and 40.
20
What is the greatest common factor of 108 and 270?
54
Calculate the greatest common factor of 332 and 4.
4
What is the greatest common factor of 29 and 12209?
29
What is the highest common divisor of 80 and 7580?
20
What is the highest common factor of 234 and 27?
9
Calculate the greatest common factor of 3604 and 136.
68
Calculate the greatest common factor of 15 and 32805.
15
Calculate the greatest common divisor of 2929 and 551.
29
Calculate the highest common factor of 30 and 6.
6
Calculate the highest common factor of 992 and 48.
16
Calculate the greatest common divisor of 3 and 147.
3
What is the highest common divisor of 37 and 86876?
37
Calculate the greatest common divisor of 3 and 1866.
3
What is the greatest common divisor of 38 and 1140?
38
What is the highest common factor of 16750 and 1250?
250
Calculate the greatest common factor of 190 and 38.
38
Calculate the greatest common divisor of 1053 and 13.
13
What is the highest common divisor of 5073 and 356?
89
Calculate the highest common divisor of 18 and 117.
9
What is the highest common factor of 140 and 11020?
20
What is the greatest common divisor of 4579 and 38?
19
Calculate the greatest common factor of 2 and 59.
1
What is the greatest common divisor of 648 and 96?
24
Calculate the greatest common divisor of 1692 and 27.
9
Calculate the greatest common divisor of 71715 and 42.
21
Calculate the highest common factor of 81 and 11259.
81
Calculate the highest common divisor of 32 and 56.
8
Calculate the highest common factor of 10270 and 130.
130
What is the greatest common divisor of 207 and 12?
3
Calculate the highest common divisor of 182 and 104.
26
Calculate the highest common divisor of 34594 and 98.
98
Calculate the greatest common divisor of 7101 and 54.
27
Calculate the greatest common factor of 2232 and 403.
31
Calculate the highest common divisor of 15747 and 348.
87
Calculate the greatest common divisor of 976 and 32.
16
Calculate the greatest common factor of 12191 and 167.
167
Calculate the highest common factor of 70 and 250.
10
What is the highest common factor of 26 and 22?
2
What is the greatest common divisor of 2054 and 2528?
158
What is the highest common divisor of 212 and 4?
4
What is the greatest common divisor of 168 and 273?
21
What is the greatest common divisor of 472 and 826?
118
Calculate the highest common factor of 51 and 7089.
51
What is the greatest common factor of 10 and 10?
10
What is the highest common divisor of 35 and 235?
5
What is the highest common divisor of 850 and 136?
34
What is the greatest common factor of 1704 and 24?
24
What is the greatest common divisor of 7439 and 865?
173
Calculate the highest common factor of 125 and 3625.
125
Calculate the highest common divisor of 496 and 144.
16
Calculate the highest common divisor of 103 and 29.
1
What is the highest common factor of 17 and 391?
17
What is the highest common factor of 28 and 80500?
28
What is the highest common divisor of 3726 and 18?
18
What is the greatest common factor of 29 and 43819?
29
Calculate the highest common divisor of 104 and 1352.
104
What is the highest common divisor of 102 and 12903?
51
Calculate the highest common factor of 14 and 26.
2
What is the highest common factor of 133 and 19?
19
Calculate the greatest common factor of 10 and 22.
2
What is the greatest common factor of 153 and 